uppose s - 1 = 3. Suppose 4*q - 44 = -s*g - g, 4*q + g = 28. What is the units digit of q?
6
Let w(y) be the second derivative of y**5/24 - y**4/24 + y**3/6 - 2*y. Let p(d) be the second derivative of w(d). What is the units digit of p(1)?
4
What is the hundreds digit of 157 - (-10 - -9 - 6/(-2))?
1
Suppose s + 3 + 0 = 2*v, 3*v + 8 = -s. What is the units digit of (5 + -9)*2*v?
8
Let l(i) = i + 1. Let q be l(1). What is the units digit of (2 + (3 - q))*2?
6
What is the units digit of 32/(-120)*-185 + 2/(-6)?
9
Let w be ((-18)/(-15))/((-8)/(-2540)). Suppose -3*u - w + 111 = 0. What is the units digit of (u/27)/(4/(-18))?
5
Let c(x) = x**2 - 11*x. Let i be c(11). Suppose i = -2*m + 4 + 4. Let h = 14 + m. What is the tens digit of h?
1
Suppose t = -t + 8. What is the units digit of (-30)/(-4) - t/8?
7
Suppose -3*h = h - 68. Suppose -3*d = -4*d - h. Let t = -8 - d. What is the units digit of t?
9
Suppose -q + 2*j = 6, -3*q - 5*j - 5 + 31 = 0. Suppose -41 - q = w. Let v = -24 - w. What is the tens digit of v?
1
Suppose -2*y + 56 = -0*y. Suppose 2*u + y = 4*u - 3*b, -2*b - 32 = -3*u. What is the units digit of u?
8
Let n(l) = -9*l - 25. What is the tens digit of n(-8)?
4
Suppose -3*a + 2*v = -22, a - 4*v + v - 5 = 0. What is the units digit of (12/a)/((-2)/(-12))?
9
Let x be 4/6*(3 + 3). Suppose -v + 31 = f + v, f - 5*v = -4. Suppose -4*z + 13 = -5*d - 2, -5*z + f = -x*d. What is the units digit of d?
1
Suppose -5*y - 40 = -y. Let v(b) = -2*b + 2. What is the units digit of v(y)?
2
Let u(p) = -p**2 + 9 + 2*p**2 - 12 - 4*p. Let z be u(7). What is the units digit of ((-81)/z)/(3/(-8))?
2
Suppose -z + 67 = r, 0*z - z = -5*r - 97. What is the tens digit of z?
7
Let g(l) = -l + 2. Let n(h) = 3*h - 3. Let o(u) = 5*g(u) + 3*n(u). What is the tens digit of o(3)?
1
Let i(d) = -d - 5. Let m be i(-3). Let z be ((-10)/(-4))/((-1)/m). Suppose z*t - t = 4. What is the units digit of t?
1
Let z(r) be the third derivative of 1/6*r**4 - 7/6*r**3 + 0*r + 2*r**2 + 0. What is the tens digit of z(6)?
1
Let m = -99 + 247. Suppose -4*d + m = -0*d. What is the units digit of d?
7
Let h(u) = 3*u**2 - 2*u - 2. Let g(i) = -i**2 + 6*i + 9. Let k be g(7). Let m be h(k). Suppose -3*n + 0 + m = 0. What is the units digit of n?
2
Let x(t) = 2 - 9 - t - t. Let l be x(-5). Suppose -c = -l*c + 14. What is the units digit of c?
7
Let l(j) = j**2 + j - 2. Let x be l(-3). Suppose 3*c - x = c. What is the units digit of c?
2
Let t be (1 + -2)/(1/1). Let n = 7 - t. Let m(r) = -r**2 + 9*r - 5. What is the units digit of m(n)?
3
Let w(t) = t**3 - 5*t**2 + 3*t - 6. Suppose 0*a - 2*a + 10 = 0. What is the units digit of w(a)?
9
Let c be 158/(-5) + (-24)/60. Let k = -1 - c. What is the tens digit of k?
3
Let b = -11 + 15. Suppose 3*y = 4*y + 3*i - 18, -b*i + 74 = 3*y. What is the tens digit of y?
3
Suppose j + 3*j = 20. Suppose 2*z = -z + x + 34, -4*x - 52 = -j*z. What is the tens digit of z?
1
Suppose 2*s - 12 - 10 = 0. What is the units digit of s?
1
Let b(d) = d**2 - d - 1. Let s be b(-2). Suppose s*z + 3 = 23. What is the units digit of z?
4
Let g(y) = 2*y**2 - 2*y + 3. Let a be g(2). Let p(o) = -o**3 + 7*o**2 + 1. Let l be p(a). What is the units digit of l + 5 + 4/2?
8
Let u = 4 + 0. Suppose 5*t - 2*h = -h + 42, u*h + 15 = 3*t. What is the units digit of t?
9
What is the units digit of 6/(-14) - (-345)/21?
6
Let x(q) = q**2 + q - 1. Let j(b) = -b**2 + 4*b - 1. Let y(d) = j(d) - 4*x(d). Let g be y(-3). What is the units digit of 2*(g/(-4))/3?
7
Suppose -2*d + 4 = -0*d. Suppose -3*p = d*p. Let w = 8 - p. What is the units digit of w?
8
Let f(w) = -11*w - 4. What is the units digit of f(-4)?
0
Let g(y) = -15*y**3 + y**2 - y - 1. Let v be g(-1). Suppose 4*a - v = 4. What is the units digit of a?
5
Let s = -9 - 0. Let r = s - -47. What is the tens digit of r?
3
Let o = 15 - 22. Let q = 8 + o. What is the units digit of q?
1
What is the tens digit of (((-16)/(-6))/(-4))/(3/(-99))?
2
Let s(b) = -b**3 - 7*b**2 - 8*b - 8. Let w be s(-6). Let p be 6/(-10)*(9 - 4). Let u = w + p. What is the units digit of u?
1
Suppose -5*y + 243 = 3*x, -5*y + 49 = -4*y + x. What is the tens digit of y?
4
Suppose -2*w - w + 4*u + 584 = 0, 5*w - 5*u - 970 = 0. What is the hundreds digit of w?
1
Suppose -z - 104 = -478. What is the tens digit of z?
7
Suppose -9 = -5*i + 2*a, 2*i + 4 + 2 = 4*a. Let w = i - -5. What is the units digit of w?
8
Let s be -9*(-2)/15*-10. What is the units digit of (-296)/s + (-1)/(-3)?
5
Let a(j) = -4*j**3 + 6*j**3 + 3 - 7*j**2 - 3*j**3. Suppose 2*x + 10 + 4 = 0. What is the units digit of a(x)?
3
Suppose 0*z + z - n = 11, -2*n + 58 = 3*z. What is the tens digit of z?
1
Suppose 0 = 2*k - 29 - 7. What is the units digit of 2/9 - (-158)/k?
9
Suppose 1 = -4*u + 3*u. What is the units digit of (u/1)/((-2)/30)?
5
Suppose -4*m = -2*f + 570, 4*f = -2*m + 731 + 439. What is the tens digit of f?
9
Let u be 3/(2*3)*2. Let b be (-6)/(u + (-2)/1). Suppose -b*p + 5*p = -1. What is the units digit of p?
1
Suppose m - 212 = i, -3*m = -5*m + 3*i + 427. What is the units digit of m?
9
Let w(u) = u**3 + 15*u**2 - 4*u + 2. What is the tens digit of w(-15)?
6
What is the tens digit of 7 - (-6*2)/3?
1
Suppose -3*a + 23 = 8. Let b(x) = x**3 + 5*x**2 + 5*x + 4. Let d be b(-3). Suppose d*w - 2*w + 4*k + 15 = 0, 5 = -a*w - 2*k. What is the units digit of w?
1
Let x = -8 - 0. Let b(i) = i - 4. Let p be b(x). What is the units digit of (p/2)/((-4)/8)?
2
Suppose 0 = 2*n - 4*z - 116, -n + 2*z = -5*n + 192. Suppose 0*k = 5*k + 5*d - n, 5*k - 30 = -d. Suppose -u - 8 = -k*u. What is the units digit of u?
2
Suppose 0*y - 3*y = -204. What is the units digit of y?
8
Let k be (-1683)/63 - 4/14. Let u = -11 - k. What is the tens digit of u?
1
Let i(n) = 2*n**3 - 3*n**2 + n + 1. Suppose 6 = -2*p - 4*m, -p + 4*m + 3 = -12. Let y be i(p). Suppose 4 = -3*g + y. What is the units digit of g?
9
What is the hundreds digit of (-3)/5 + (7 - 3872/(-20))?
2
Suppose -5*a + 2*u + 381 = 0, 0*u - 3*u + 314 = 4*a. What is the units digit of a?
7
Suppose 10*k = 3*k + 126. What is the tens digit of k?
1
What is the units digit of -2 + 30/6 + (377 - 0)?
0
Let r(w) = w**3 - 12*w**2 + 13*w - 4. Let o(u) = -18*u + 11. Let m(q) = -12*q + 7. Let i(y) = -8*m(y) + 5*o(y). Let l be i(2). What is the tens digit of r(l)?
1
Let x(a) = -a**2 - a + 2. Let s be x(0). Suppose s*c - 27 = 41. What is the tens digit of c?
3
Suppose 36*l - 30*l = 2124. What is the units digit of l?
4
Suppose -4 = -4*z + 96. What is the tens digit of z?
2
Let h(f) = 7*f + 3. What is the units digit of h(3)?
4
Suppose 4*n = -3*i - 0 + 51, 2*n = -4*i + 58. What is the units digit of i?
3
Let p be (2 - 9)/(2/2). Let m(h) be the third derivative of h**5/60 + 7*h**4/24 + h**3 - h**2. What is the units digit of m(p)?
6
Let s be ((-25)/20)/(3/12). Let w(m) = -m**2 - 7*m + 6. What is the tens digit of w(s)?
1
Let u = -43 + 88. What is the units digit of u?
5
Let d(i) = i**2 + 9*i - 2. Let k be d(-9). Let j = 5 + k. Suppose -10 = -2*a - j*a. What is the units digit of a?
2
Let t = 28 - 42. What is the units digit of t/(-6)*(-4 - -10)?
4
Let u(p) = p**3 - 5*p**2 + 2*p + 4. Let z be u(3). Let y = 37 + z. What is the tens digit of y?
2
Let u be (0 + -1)*21/(-3). Let l(t) = -t**2 + 7*t + 3. Let k be l(u). Suppose -k*s + 3 = 0, -5*m + s + 3 = -46. What is the units digit of m?
0
Let l(f) = 3*f**3 - f**2 - 6. What is the units digit of l(3)?
6
Let g = 32 - 27. Suppose 2*h = -q - 2*q + 64, 167 = g*h + 4*q. What is the tens digit of h?
3
Suppose 0 = -4*u + 5*w + 367, -2*u + w + 181 = 2. What is the units digit of u?
8
Let n be (-3)/(-6)*(-3 + -1). Suppose 2 = 4*p - 2. What is the units digit of (1/n)/(p/(-8))?
4
Let m be 2/((-6)/9) - 0. Let p = 3 + m. Suppose p*v + 2*v = 12. What is the units digit of v?
6
Suppose 2*l + 9 = 229. What is the units digit of l?
0
Let k(v) be the first derivative of -3*v**4/4 - 2*v**3/3 + v - 2. Let s be k(-1). Suppose -d + 4*y = -24, -d - d - s*y - 2 = 0. What is the units digit of d?
4
Let l be (-3)/(-6) + (-5)/(-2). Suppose -n - l = -2*n. Suppose -n*z = 2*z - 10. What is the units digit of z?
2
What is the tens digit of 130/39*(-348)/(-10)?
1
Suppose 3*j + 4 = -5. Let l be (40/(-6))/(1/j). Suppose -3*v = v - l. What is the units digit of v?
5
Let h = -16 + 9. 